 + 4*o - 4. Let a be x(5). Calculate the highest common factor of 32 and a.
32
Suppose 0 = 4*o + 10*o - 462. What is the greatest common factor of 11 and o?
11
Suppose 4*q + 2*q - 168 = 0. Calculate the greatest common divisor of q and 112.
28
Let k = -19 + 56. Let o = k + -15. What is the greatest common divisor of o and 2?
2
Suppose -422 + 557 = l. Calculate the greatest common divisor of 180 and l.
45
Let v(q) = -q**3 + 4*q**2 - 3*q + 1. Let r be v(3). Suppose 2*m - 29 = -5*z, -z = 5*m + r - 39. Calculate the highest common factor of 14 and m.
7
Let k = -17 - -129. Calculate the highest common factor of 7 and k.
7
Suppose 6*r - 3*s - 61 = 4*r, 0 = 3*r + s - 97. Suppose -2*q = -3*z - 80 - 42, 184 = 3*q - 4*z. What is the highest common divisor of q and r?
32
Suppose 15*t + 30 = 20*t. Let d be ((-90)/(t - 3))/(3/(-2)). What is the greatest common divisor of 80 and d?
20
Suppose 0 = 5*k - 2*t - 881, 0 = 4*k - 3*k + 2*t - 169. Let b = -424 - -494. What is the highest common factor of b and k?
35
Let o(j) = -j**3 + 37*j**2 - 23*j - 127. Let q be o(36). Calculate the highest common divisor of q and 62.
31
Let i = 21 - 31. Let r = 20 - i. Let s be (-4 - 26)*(-3)/2. What is the greatest common factor of r and s?
15
Suppose -9 = 3*a, 0 = 3*u - 2*u - 3*a - 12. Suppose 19*f = 2849 - 2450. What is the highest common divisor of f and u?
3
Let v = -165 - 80. Let f = v + 434. Let z be 6*(27/(-6))/(-1). Calculate the greatest common divisor of z and f.
27
Suppose 81*d = 4*d + 770. What is the highest common factor of 40 and d?
10
Suppose -2*k + 2*v = -78, -5*v = 13 + 2. Let m = 27 + -6. Let n = k - m. What is the highest common divisor of n and 6?
3
Suppose 0 = 2*k + k - 2*i - 361, 4*k - i = 478. Suppose 0 = -k*p + 125*p - 186. What is the highest common divisor of p and 248?
31
Suppose 5*k = -87 + 387. Let r = k + 38. Let h be ((-14)/(1/(-1)))/1. Calculate the greatest common divisor of r and h.
14
Suppose -2*u + 5*p = -141, 0*u + 4*u - p = 273. Suppose 5*w - 167 = q, -2*w + 4*q - 20 = -76. Calculate the highest common factor of w and u.
34
Suppose 2*m + 15 - 71 = 0. Let c be (2 + -5 - 1) + 24. Let u = m - c. What is the highest common divisor of 4 and u?
4
Let k = -39 - -43. Suppose 7*d + 5*z - 67 = 4*d, -20 = -k*z. Calculate the greatest common divisor of 56 and d.
14
Suppose -5*j - 6 = -2*j. Let r be ((-4)/(-8))/(j/(-20)). Suppose 2*n = 2*f + 3*n - 75, n = 5*f - 205. What is the greatest common divisor of f and r?
5
Let r be -1*(2 - (7 - 2)). Suppose -2*h = -r - 27. Let q = h + -12. What is the highest common factor of 3 and q?
3
Suppose -4*d + 4 = 2*h, 2*h + 0*d - 7 = -d. Suppose -3*r + 24 = 4*o + 5, h*o + 2*r - 22 = 0. Let v = o + -2. Calculate the highest common divisor of 2 and v.
1
Suppose 2*x = -0*w - 4*w + 68, -5*x - 2*w = -146. Calculate the highest common divisor of x and 28.
28
Suppose -1279*q = -1281*q + 60. What is the highest common factor of q and 186?
6
Let y be (-1794)/(-15) - (-12)/30. Calculate the greatest common factor of y and 15.
15
Let p be (-80)/(-50)*-2*(-9 + -1). What is the greatest common divisor of p and 64?
32
Let c be (-6)/(-33) - (-987)/77. What is the highest common divisor of 481 and c?
13
Suppose 3*b + 7 = n + 1, -5*n = 3*b - 120. Suppose -2*o - o = -2*a + 40, 3*o + a = -34. Let p = n + o. What is the highest common divisor of p and 3?
3
Suppose -30 = -3*m - 33. Let g be m/(3/(-2)*(-3)/(-18)). Calculate the highest common factor of 12 and g.
4
Let x(q) = 2*q**2 - q + 4. Let v be x(4). Let r = -385 - -389. Calculate the highest common factor of r and v.
4
Suppose 4*v + 4*y - 7 = 53, -y - 21 = -v. Let j be (20/6)/(v/567). Calculate the highest common divisor of 15 and j.
15
Suppose 20*u - 58 = 22. Suppose 3*q = -2*o - 5, -q + 4*o = q - 18. Let f(y) = 17*y**2 - y. Let z be f(q). Calculate the greatest common factor of u and z.
4
Let i be ((-1656)/(-28))/(30/14 - 2). Suppose -2*r = -0*r - i. What is the greatest common factor of 23 and r?
23
Suppose 0 = 5*y - 3*k + 26, -18 = 3*y - k - 0*k. Let w = -13 - y. Let f = 8 - w. Calculate the highest common factor of 7 and f.
7
Let o be (-50)/(-6) + -2 + (-3)/9. What is the highest common factor of o and 51?
3
Suppose -1824 + 2 = -165*f + 2138. Let z = 180 - 120. Calculate the greatest common divisor of f and z.
12
Suppose 2*f - 5*f = 0. Suppose -3*i - i = 3*b - 461, 3*i - 5*b - 382 = f. Suppose -32 = -4*a + 36. Calculate the greatest common factor of a and i.
17
Let k be 21/28 + 423/12. Let r be 426/k + 1/6. Let l = -6 - -9. What is the highest common factor of l and r?
3
Let c be (-1)/((-39)/18 - -2). Let x(q) = 4 + 20*q - 5 + 41*q. Let f be x(1). Calculate the highest common divisor of f and c.
6
Suppose 38 = -4*q + 1090. Let t = q - 110. Calculate the highest common divisor of t and 17.
17
Suppose -k + 0*k + 14 = -2*n, 0 = 5*k + 3*n - 96. Let m be (k/12)/((-6)/(-20)). What is the highest common factor of 15 and m?
5
Suppose 5*c - 18 = 2*l, -c + 5 - 7 = l. Calculate the highest common factor of c and 8.
2
Let a = -36 - -52. Let c = 1408 - 1344. Calculate the greatest common divisor of a and c.
16
Let f(z) = -z**3 - 20*z**2 + z + 34. Let d be f(-20). Calculate the greatest common factor of 42 and d.
14
Let i = 9 - -89. Suppose 9*q - i = 37. Calculate the highest common divisor of q and 15.
15
Let c(q) = -12*q**2 - q**3 + q + 18*q**2 - 5*q**2 + 1. Let r be c(0). Let l(y) = 70*y + 2. Let w be l(r). Calculate the highest common divisor of w and 48.
24
Let q(y) = 6*y - 18. Let b be q(10). Calculate the greatest common divisor of b and 30.
6
Let k = -46 - -54. Let d(a) be the first derivative of -a**3/3 - 9*a**2/2 - 3. Let p be d(-8). Calculate the greatest common factor of p and k.
8
Suppose 3*t + 3*x - 560 = -2*t, -224 = -2*t + 3*x. Calculate the highest common divisor of 14 and t.
14
Suppose -240 - 61 = -7*f. Calculate the highest common factor of f and 129.
43
Suppose -25*q = -7914 - 8886. What is the highest common factor of q and 32?
32
Suppose 0 = -5*i + 2*i. Suppose -r - r + 100 = i. What is the greatest common divisor of 25 and r?
25
Suppose l - 4*a = 4*l - 227, 5*l + 3*a - 382 = 0. What is the greatest common factor of l and 22?
11
Suppose -469 = -3*k + 260. What is the highest common factor of 27 and k?
27
Let v be 25*(-5 + (-12)/(-2)). What is the greatest common divisor of 1225 and v?
25
Suppose -4*n - 58 = -2*s, -5*n = -19*s + 17*s + 61. Calculate the highest common factor of 621 and s.
23
Let n(x) be the third derivative of -x**5/60 + x**4/2 + x**3/2 + 3*x**2. Let v be n(6). Let u = 31 - -8. Calculate the greatest common factor of v and u.
39
Let c(y) = 4*y + 42. Let u be c(-3). Calculate the highest common factor of 105 and u.
15
Suppose 4255 = 5*x + 505. Suppose x = 7*w + 3*w. What is the highest common divisor of 15 and w?
15
Suppose 2*p - 2*u = 26 + 34, 0 = -3*u - 6. Calculate the greatest common factor of p and 140.
28
Let d = 768 + -624. What is the greatest common divisor of 40 and d?
8
Let d be (-16 - -15) + 21 + 0. Let i be d/(-1)*(3 - (2 + 2)). Calculate the greatest common divisor of i and 5.
5
Let t(a) = a**3 - 4*a - 3. Let w be t(6). Suppose 4*b + 10 = 9*b. Suppose -m - d + 23 = 0, -2*d - b*d = -m + 13. What is the greatest common divisor of m and w?
21
Let v be 21 - ((4 - 4) + 0). Suppose -3*k - b = -7, -b - v = -6*k + 2*k. Calculate the greatest common divisor of 10 and k.
2
Suppose 5*d - 28 = 4*a + 80, 2*d - 45 = a. Calculate the greatest common factor of d and 768.
24
Let y = -15 + 42. Let b = 47 - y. Let d = -12 + b. What is the greatest common factor of 40 and d?
8
Let g = 167 + -39. Let b(m) = -m - 2*m + 2 - 2*m + m**2 + 0. Let r be b(7). Calculate the highest common factor of g and r.
16
Suppose 0*p = p - 2. Let k(j) = 1 + 12*j**2 - 3*j**p + 5*j - 11 - 2*j + j**3. Let o be k(-8). Calculate the greatest common divisor of 20 and o.
10
Let z(w) = -w - 1. Let h be z(-2). Let b = 25 + -26. Let m be -5*(3 + h)*b. What is the greatest common factor of 10 and m?
10
Suppose -12*v + 17*v - 49 = -4*u, u - 2*v - 9 = 0. Suppose f - 1 = 10. What is the highest common factor of f and u?
11
Let n = 5 - 7. Let o be (-1)/4 - (279/(-12) + n). Calculate the highest common divisor of 100 and o.
25
Suppose -11*u + 249 = -125. What is the highest common divisor of 